2 + 5*y - 8. What are the prime factors of o(m)?
2, 17
Suppose 4*a + 305 = 4*t - t, -444 = -4*t - 4*a. Let x = t + -36. List the prime factors of x.
71
Let y be (4 - 2) + (1 - 3). Let k be (y + 0)*(12 + -13). Suppose 0 = 6*d - k*d - 234. List the prime factors of d.
3, 13
Let r(o) = 24*o**2 + 13*o - 7. List the prime factors of r(4).
3, 11, 13
Let z(j) = 5*j**2 - 3*j - 2. List the prime factors of z(-1).
2, 3
Let c(f) be the first derivative of 15*f**2/2 - 6*f - 42. What are the prime factors of c(9)?
3, 43
Suppose -88 = 3*b - 100. Suppose 3 = -r, -r - 4*r + 181 = b*o. List the prime factors of o.
7
Suppose -3*o = 5*i - 60, 4*o - 7*i = -6*i + 57. Let b(m) = m + 38. List the prime factors of b(o).
53
Let a(g) = 2*g**3 - 18*g**2 + 6*g - 134. What are the prime factors of a(16)?
2, 3, 197
Suppose -2*p = 2*c, c + 6 = -c. Suppose -j + 147 = 3*m, -135 = -p*m - j - 4*j. What are the prime factors of m?
2, 5
Let g(n) = 35*n - 6. Let r be g(5). Let x = -85 + r. List the prime factors of x.
2, 3, 7
Suppose 3*f + 2*c - 947 = 0, c - 122 = -f + 193. List the prime factors of f.
317
Let x be (-30)/105 - 2*46/(-28). Suppose -5*p = -3*w + 1018, x*w - 4*p = 5*w - 642. What are the prime factors of w?
331
Let p(c) = 21*c. Let g(x) = 64*x - 1. Let b(w) = -4*g(w) + 11*p(w). What are the prime factors of b(-4)?
2, 13
Let n(a) = 17*a - 1. Let w(m) be the third derivative of 2*m**4/3 - m**3/6 - 3*m**2. Let v(k) = 5*n(k) - 6*w(k). What are the prime factors of v(-4)?
3, 5
Let b(m) = -m**3 + m**2 - 19. Suppose -8*h = -12*h. Let z be b(h). What are the prime factors of 0/(-2 + -1) - z?
19
Let f(u) = -u - 1. Let r be f(-3). What are the prime factors of (-1)/r + 215/10?
3, 7
List the prime factors of 5/20 + (-6680)/(-32).
11, 19
Suppose -2*y + 3*n = -335 - 1442, -5*y = -3*n - 4420. List the prime factors of y.
881
What are the prime factors of 16*(0 - -5)*(-34)/(-4)?
2, 5, 17
Suppose -1152 = 23*h - 39*h. What are the prime factors of h?
2, 3
Suppose 5*d - 23 = 3*w - 2, 17 = 5*d - w. Suppose -4 = 2*y - d*y. Suppose -y*h - 28 = -124. List the prime factors of h.
2, 3
Let t = 94 + -179. Let k = t - -111. What are the prime factors of k?
2, 13
Let f(c) = -3*c**3 - 2*c**2 - 3*c - 2. Let u be -2 - (3 - 24 - -1). Let i = u - 21. List the prime factors of f(i).
2, 5, 7
Let v be (1/(-3)*10)/(4/(-6)). Suppose -5*n - 570 = -5*x, -v*x - 4*n + 207 = -318. List the prime factors of x.
109
Let k be 1 - -1 - (6 + -5). Let q(w) = w**2 - 3*w + 2. Let t be q(2). What are the prime factors of 21 - t/(1 + k)?
3, 7
What are the prime factors of (-15)/(-2*27/4896)?
2, 5, 17
Let a = 6 + 5. Suppose a*t = 6*t + 20. Suppose 0 = -t*h + 8*h - 116. What are the prime factors of h?
29
Suppose 5*h + 4*m = -389, -h + 2*h + 72 = 5*m. Let x = -37 - h. What are the prime factors of x?
2, 5
Let x(u) = u**3 - 3*u**2 - 3*u + 1. Let r be x(4). Suppose r = -5*v, 2*v - 9 = 3*p + 4. List the prime factors of 5/(50/(-6))*p.
3
Let d(z) = -232*z - 376. List the prime factors of d(-17).
2, 223
Let k = -518 - -3501. List the prime factors of k.
19, 157
Suppose -16*u - 4*h = -13*u - 8285, 2*h + 2765 = u. List the prime factors of u.
3, 307
Let a = 248 - -161. List the prime factors of a.
409
Let s = 3903 + -2563. List the prime factors of s.
2, 5, 67
Let w be (14 + -8)/(1 + 1). Let o(f) = -f**3 + f**2 + f + 1. Let u be o(w). Let r(v) = -v**3 - 14*v**2 - 3*v - 19. List the prime factors of r(u).
23
Let m(k) = 60 - 36 - 24 + k**2. Suppose -3*g - 3*d + 2 = -19, d = 2. List the prime factors of m(g).
5
Suppose -v + 5 = 3*c, 5 = 4*c + c + 5*v. Suppose -x + 3 = -m + c, 9 = 2*x + 5*m. List the prime factors of x.
2
Suppose -3447 = -3*h - 2*d, -5*h = 3*d - 8*d - 5770. List the prime factors of h.
1151
Let t = -2240 - -7665. List the prime factors of t.
5, 7, 31
Let t(b) = b + 5. Let n be t(0). Suppose 58 = a - 0*a - n*l, -2*a = -3*l - 81. What are the prime factors of a?
3, 11
Suppose -b - 1440 = -5*c + 283, 4*c + 4*b = 1388. List the prime factors of c.
3, 5, 23
Suppose 0 = 3*d - 0*d - 66. Suppose 3*s = 3*n - 2*s - 4, 4*n + 5*s - 52 = 0. Suppose -5*a + n = -d. List the prime factors of a.
2, 3
Suppose 0 = 9*g + g + 50. List the prime factors of ((-314)/g)/(4 + 54/(-15)).
157
Let o(s) = 3*s + 3. Let c be o(3). Suppose 8*w = 5*w + c. Suppose -54 = -w*t + 2. List the prime factors of t.
2, 7
Let d(k) = 48*k**2 + 11*k + 177. What are the prime factors of d(-8)?
29, 109
What are the prime factors of (-7 - -4) + 5 - -1796?
2, 29, 31
Let m(v) = -12*v + 72. List the prime factors of m(-8).
2, 3, 7
Let c = 417 - 23. List the prime factors of c.
2, 197
Let d = 4085 - 2175. What are the prime factors of d?
2, 5, 191
Let m be (-86 - -3) + (1 - 5). Let j = -52 - m. List the prime factors of j.
5, 7
Suppose 13 = 2*b - 57. Suppose 5*t - 5 = -4*x + 8*x, 4*x - b = -3*t. Suppose -5*w - 15 = 0, n + 4*n - x*w - 50 = 0. List the prime factors of n.
7
Let g(m) = -m**3 - 4*m**2 + 6*m - 6. Let a be g(-6). Let b be -1*2/(-6)*a. What are the prime factors of 17*2 - (b - 14)?
2, 19
Let g(s) = -144*s - 39. What are the prime factors of g(-10)?
3, 467
Let g = -11 - -10. Let z(n) = -4*n**2 - n. Let u be z(g). List the prime factors of (-592)/(-16) - (-1 + u).
41
Let u = 5 + 1. Let p = 11 + -2. Suppose 3*k = u*k - p. List the prime factors of k.
3
Suppose -5*f - 4*b - 517 = 0, 4*f + 5*b + 305 = f. Let i = f - -198. List the prime factors of i.
3, 31
Let u(z) be the first derivative of -z**4/4 - 2*z**3 + 23*z**2/2 + 6*z + 6. List the prime factors of u(-10).
2, 11
Let a be (2 - 2 - 3)/((-15)/10). Let v(s) = 13*s**3 + 2*s**2 - 2. What are the prime factors of v(a)?
2, 5, 11
Let s(d) = -6*d - 8. Let w be s(-3). Let j(z) = 7*z - 10. What are the prime factors of j(w)?
2, 3, 5
Let h = -13 - -16. Suppose 4*n = h*n. Suppose -f + 170 = 4*f - 2*v, -2*v = n. What are the prime factors of f?
2, 17
Suppose -2*l = -h - 5*l - 4, -l - 4 = 0. Let r be h/3*6/(-4). What are the prime factors of r/(-5)*60/4?
2, 3
Let h = -34 + 17. Suppose -13*d + 290 + 9 = 0. Let y = d + h. What are the prime factors of y?
2, 3
Suppose -4*r = -t, 2*t - 3*r = -3*t + 85. What are the prime factors of (-400)/t*10/(-8)?
5
Let o = -179 - -358. What are the prime factors of o?
179
Suppose 0 = 10*a - 18*a + 10096. List the prime factors of a.
2, 631
Let o(q) = 16*q - 6*q - 40 - q + 35*q. What are the prime factors of o(7)?
2, 67
Suppose -7*r = -14*r. Suppose r = -6*v + 468 + 252. What are the prime factors of v?
2, 3, 5
Suppose 0 = 4*x + 12 - 20. Suppose -10 = -a + 4*v, -3*a + x*a - 5*v = 8. Suppose -7*o + a*o = -220. List the prime factors of o.
2, 11
Let l(x) = -x + 8. Let m be l(4). Suppose 4*k = -3*t + 208, 0*t + 3*k = -m*t + 282. List the prime factors of t.
2, 3
Suppose 0 = 2*o + 6 + 10. What are the prime factors of o/(-12) + 194/6?
3, 11
Suppose 0 = -4*t + 2*t - 96. Let p = t + 91. List the prime factors of p.
43
Suppose -1955 = -49*z - 191. List the prime factors of z.
2, 3
Let w = -56 + 59. Suppose w*z - 5*z + 260 = 0. What are the prime factors of z?
2, 5, 13
Let w(j) = j**3 - 14*j**2 + 12*j - 8. Let t be w(13). Let a = 20 + t. What are the prime factors of a/((-435)/144 + 3)?
2, 3
Let k(n) = -n**3 - 2*n**2 + 5*n + 6. Let o be k(-4). Let m be o*(3 - (-9)/(-6)). List the prime factors of ((-6)/5)/(m/(-720)).
2
Let s = 29 + -27. Suppose 4*g = -s*x - 17 + 93, 25 = -5*g. List the prime factors of x.
2, 3
Let q(w) = 7*w + 12. Let x be q(4). Let i = x + -30. What are the prime factors of i?
2, 5
Let c be (-2)/4 + (-930)/(-4). Let y be (-2)/5 - c/(-5). Suppose -5*b + 3*b = 4*l - y, 0 = 5*b + 3*l - 136. List the prime factors of b.
29
Suppose -3*r + 7498 = 2*b, -2*r + 4*b = -3204 - 1800. List the prime factors of r.
2, 5
Suppose 15 = -5*l - 0*l. List the prime factors of (-280)/(-6) - (-2)/l.
2, 23
Let v = -2 + -1. Let w = v - -8. Suppose w*g - 69 = -24. List the prime factors of g.
3
Let z be (-6)/(-39) + (-48)/(-26). List the prime factors of (2 - 804/(-30))/(z/10).
2, 3
Suppose 3*t = 1 + 224. Let i = 26 + t. List the prime factors of i.
101
Let g(s) = -s**3 + 25*s**2 + 30*s - 52. What are the prime factors of g(25)?
2, 349
Let h(u) be the first derivative of -u**4/4 + 11*u**3/3 - 5*u**2/2 + 6*u + 6. What are the prime factors of h(10)?
2, 7
Let d(s) = -s**3 + 4*s**2 - 2*s + 4. Let q be 